- 3*o - 18. Let p be (-1058)/(-115) + ((-4)/6 - 14/(-30)). What is z(p)?
-45
Let v(q) be the first derivative of 0*q + 3*q - 1 - 2*q + 3*q**2. Let y = 784870 + -784872. Determine v(y).
-11
Suppose 0 = 5*h - 2*w - 43, -5 = -3*h - 6*w + 2*w. Let n(l) = l**3 - 6*l - 3*l - h*l**2 + 15*l. Let v be (-2)/4*(-7 + -5). Calculate n(v).
0
Let o be (0 - 1)*(-5)/((-20)/12). Let d be (-4)/(-3) - (28/12 + o). Let v(q) = -83*q**3 - q + 11*q**d - 3*q**2 + 11 + 82*q**3. What is v(8)?
3
Let t(m) = -8*m**2 - 6*m + 3*m**3 + 1543 - 1553 - m**3 + 13*m - 6*m. What is t(5)?
45
Let s = -311 - -327. Let r(f) = f**3 - 16*f**2 - 2*f + 29. Let b be r(s). Let a(u) = -u**3 - 2*u**2 + 2. What is a(b)?
11
Let p be (1 - 0)/1 + (-38 - -39). Suppose -5*i - 6 = y - 0, -4*y + p*i = 2. Let m be 0 + -1 + y + 2 + 1. Let d(s) = -7*s**3 + s**2. What is d(m)?
-6
Let b(u) = -5*u - 7. Let f(d) = d - 2. Let n(y) = 4*y + 5. Let p(h) = f(h) - n(h). Let z(x) = 2*b(x) - 3*p(x). Determine z(-5).
12
Let n(u) = -u**2 + 3*u + 4. Let h = -5 + 3. Let f(t) = -13*t**3 - t**2 - t - 1. Let k be f(h). Let o = 104 - k. Calculate n(o).
4
Let a(n) = n**3 + 5*n**2 + 4*n - 5. Let t(b) = 46*b - 32. Let k be t(-6). Let w = k + 304. Determine a(w).
-5
Let h(n) be the second derivative of -1/3*n**4 + 1/20*n**5 - 4/3*n**3 + 3*n**2 + 2*n + 0. Let o be 128/96*(-30)/(-8). Calculate h(o).
-9
Let i(m) = -m**3 + 3*m**2 + 9*m + 8. Let r be i(5). Suppose -2*p + 18 = -4*g, -3 = -g + r*p - 0. Let d(x) = x + 11. Determine d(g).
5
Let d(v) = 2*v - 10*v - 10 + 10 + 0 + 2. Let l(x) = -x**2 + 9*x - 12. Let s be l(7). Determine d(s).
-14
Let r(y) = 523992*y - 3*y**3 + 78 - 523880*y + 2*y**3 + 2*y**3 - 41*y**2. What is r(38)?
2
Let a(s) = -10*s**2 + s + 1. Suppose 4*f - 41 = -5*z, -5*z = 5*f - 24 - 21. Let j be 35/f + (-4)/(-16). Suppose -9*x + 0 = j. Determine a(x).
-10
Let z(g) = 3*g**2 - 3*g + 4. Suppose 3*o - 13*o + 50 = 0. Give z(o).
64
Let x = 306 + -135. Let q(g) = -x - 182 + 6*g + 354. Determine q(1).
7
Suppose -5*t + 70 = -4*d, 2*d + 14 = t - 0*t. Suppose -i = -m + 3*i + 6, t = -3*m - 4*i. Let f(c) = 2*c**3 + 2*c**2 + c - 2. Determine f(m).
-12
Let f(k) = 9*k - 38. Let r(u) = -3*u + 13. Let y(x) = -4*f(x) - 11*r(x). Suppose -752*v = -724*v - 168. Determine y(v).
-9
Let r be (-440)/(-77) + 2/7. Let v(o) = -9*o + 16. What is v(r)?
-38
Suppose t + 3 = -2*q - 1, q - 5 = -4*t. Let m be 2/q + (-60)/(-9). Suppose 2*c - 10 + m = 0. Let s(d) = d**2 + d - 2. Determine s(c).
4
Let b(j) = 2*j - 249. Let r(z) = -16. Let n(f) = b(f) - 9*r(f). Calculate n(0).
-105
Let v(i) = 570 + 3*i - 190 - 188 - 190. Suppose -2*t - 2 = 2*r - 6, -4*r - 5*t = -7. Give v(r).
11
Let t(v) = -7*v**3 + 2*v - 1. Suppose -3*a + 147 = 3*s - 6*a, -4*s + 188 = 4*a. Suppose 4*f + 16 = s. Suppose -f*k + 0 = -8. Give t(k).
-6
Let b(x) = -x**3 + 3*x**2 + 2*x + 4. Let s be 2/(-4)*0/(-6) - -30. Suppose m + 0*m + 18 = 3*u, 3*u + 2*m = 9. Let l be 22/u + s/(-75). What is b(l)?
-4
Let v(j) = -j**3 - 9*j**2 + 11*j + 5. Let z be (-3656)/(-28) - 1/(7/(-3)). Let g = 121 - z. Give v(g).
-5
Let m(q) = 12*q**2 + 16*q + 11. Let n(v) = -10*v**2 - 15*v - 11. Let f(y) = 4*m(y) + 5*n(y). Give f(-7).
-32
Let f(m) = -50*m**3 + m. Let l(y) = 3 - 4*y**2 - y + 12*y**3 + 4 + 3*y**3 - 16*y**3. Let w be l(-3). What is f(w)?
-49
Suppose -18 - 28 = 23*b. Let h be (b/(-10)*1)/((-10)/50). Let k(i) = -2*i**3 - i**2 - 2*i - 2. Give k(h).
1
Let f(a) = -38*a - 8 - 2*a**2 - 12 + 3*a**2 - 19 - 2. Let l be f(39). Let w(x) = -3*x**2 - 4*x - 2. Give w(l).
-6
Let a(c) be the first derivative of -c**3/3 - c**2 + c - 43. Let s(r) = -10*r**2 - 1. Let z(w) = -2*a(w) + s(w). Calculate z(2).
-27
Suppose 124*l + 254 = 113*l + 1. Let t(a) = -2*a - 57. Determine t(l).
-11
Let l(n) = n**3 - 7*n**2 - 8. Let m = 1108 - 1108. Give l(m).
-8
Let o = 1529 - 1085. Let u(b) = 1 + o*b**3 + 8*b - 3*b - 443*b**3 + 5*b**2. Calculate u(-4).
-3
Let u(f) = f**2 + 28*f - 161. Suppose -50*s = 48*s - 20*s + 2574. Determine u(s).
4
Let h be 121 + (1 - (5 + -5)). Let m = 121 - h. Let q(i) = 17*i**2 + i. What is q(m)?
16
Suppose 0 = -5*f - 39 + 9. Suppose -23*v - 8 = -27*v. Let d(m) = -54 - 3*m**2 + m**3 + 25 + 9*m**v + 22 - m. What is d(f)?
-1
Suppose -21*g - 7 = -22*g. Suppose 3*m - 28 = -4*p - g, 5*p = 5*m. Let j(l) = 6*l - 25*l**2 - 22*l**2 + 70*l**2 - l**m - 20*l**2 - 2. What is j(4)?
6
Let n(w) = -w**3 + 11*w**2 - 9*w - 1. Suppose -5*p = -3*r - 36, 0 = 5*p + 404*r - 402*r - 51. Determine n(p).
80
Let m(h) = 8*h + 3. Suppose -4*s - 130 = -v, 0 = 3*v - 4*s - 0*s - 406. Suppose -6*g + v = 156. Give m(g).
-21
Let q(j) be the first derivative of j**4/4 + 11*j**3/3 + 5*j**2/2 + 2*j + 2346. Give q(-11).
-53
Let j(v) = -2*v - 71. Let d be (54/216)/((-2)/272). What is j(d)?
-3
Let m(q) = -1276*q + 2570*q - 45*q**2 + 3 - 1298*q. What is m(1)?
-46
Let s(u) = u**2 - 18*u - 14. Let q = -160 - -162. Let b(c) = -3*c**2 + 38*c + 28. Let r(n) = q*b(n) + 5*s(n). Determine r(-12).
10
Let w(d) = -d**2 - 60*d - 798. Let l be w(-20). Let x(c) be the first derivative of 1/2*c**l + 0*c + 5 + 2*c**3 - 1/4*c**4. Give x(6).
6
Let g(r) = 42*r - 882. Let t(i) = -66*i + 1470. Let p(q) = -13*g(q) - 8*t(q). Give p(-16).
-6
Let x(o) = o**3 - 6*o**2 - 5*o - 13. Suppose -47*a + 13*a = 8636. Let l = a + 261. Give x(l).
1
Let v(y) be the third derivative of 1/15*y**5 + 0 + 2*y + 1/6*y**3 - 22*y**2 + 1/8*y**4. Give v(3).
46
Let y be ((-64)/40)/(24/(-60)). Let z(w) be the third derivative of -1/60*w**5 - 2/3*w**3 + 0 + 1/3*w**y + 0*w + 8*w**2. Calculate z(8).
-4
Let d(y) = 2*y + 3. Let z be d(1). Let i(l) = -3*l**3 + 11*l**2 - 17*l + 10. Let h(w) = -w**3 + 4*w**2 - 6*w + 4. Let o(s) = -7*h(s) + 2*i(s). Determine o(z).
7
Let y be (-9110)/3644 - (-3)/2*-1. Let g(h) = -2*h**3 - 7*h**2 - 4*h - 20. Calculate g(y).
12
Let n(l) be the first derivative of l**2/2 - l - 4299. Give n(6).
5
Suppose 5*k - q + 1460 = 0, 21 = -4*q + 1. Let y = -317 - k. Let s(v) = 2*v + 47. Calculate s(y).
-1
Let y(t) = -t**3 - 3*t + 2. Let o = -82 - -84. Let f(m) = 1 - o*m + 6*m - m**2 - 4*m. Let s(k) = -4*f(k) + y(k). Give s(4).
-14
Suppose 5*m - 102 = -4*z - 516, 4*m + 2*z + 330 = 0. Let d = m + 80. Let t(g) = -3 - 3*g**2 + 2 - 2*g**2 + 10*g - 12*g. Give t(d).
-17
Let a = 93 + -232. Let b = 133 + a. Let c(s) = 4*s + 6. Let r(d) = 11*d + 17. Let i(k) = b*r(k) + 17*c(k). What is i(3)?
6
Suppose -u + 29 = -5*i, -2*i = 2*u + 3*i + 17. Suppose u*f = -4*p + 9*p + 57, -5*f + 60 = -5*p. Let c(t) = -t - 16. Calculate c(p).
-7
Suppose -3*k = 4*r - 4*k - 49, -k = 5. Suppose -z + 12 = 4*g + r, 5*z = 25. Let y(t) = -6*t**3 + 2*t**2 + t. Give y(g).
7
Suppose 81 = -63*p - 45. Let c(j) = 2*j**3 + 5*j**2 + 7*j + 6. Determine c(p).
-4
Let h = -16600 + 16610. Let u(q) = -27*q + 259. Calculate u(h).
-11
Let f be ((-32)/112)/((-1)/7). Let g(z) = -178*z + 351*z - 174*z - 5*z**2 + f. Suppose -t = 3*d + 5 + 6, 0 = 4*t + 4*d + 20. What is g(t)?
-16
Suppose 8 = q - 3. Let p(r) = -15330*r**3 + 7669*r**3 - 11*r**2 + 7662*r**3 + r + 6 - 19. Let f be p(q). Let w(u) = 3*u**2 - 2*u + 1. Calculate w(f).
17
Suppose -983 = -10*o - 333. Let l(z) = z**2 + 0*z**2 + 66 - o + 11*z**3 - 12*z**3. Determine l(0).
1
Let m(t) = -6*t**2 - 45*t + 23. Suppose 24*y + 36 = -4*n + 23*y, -n = 2*y + 16. Calculate m(n).
-1
Let v be (8 + 140/(-21))/(6/63). Let r(d) = -d**2 + 10*d + 47. Give r(v).
-9
Let f(s) = 35*s**2 - 2*s + 10. Let y be f(3). Let l(d) = 165 - y + 159 - d. Calculate l(0).
5
Let p(r) = r**2 + 35*r + 71. Let t be p(-33). Suppose 5*d + 3*j + 28 = -7, 4*d - t*j = 9. Let z(w) = -w**2 - 2*w + 6. Calculate z(d).
-2
Let d = 7 - 11. Let l(n) = -1. Suppose 13 = 3*u + g, 4*u + 3*g - 2*g - 19 = 0. Let x(j) = 5*j + 11. Let y(a) = u*l(a) + x(a). Give y(d).
-15
Suppose -3*i + 324 = 3*y, 0 = 2*i - 3*y - 81 - 115. Let h = i + -101. Let q(j) = -j**2 - 3*j + 5. Give q(h).
-13
Let l(t) = 5*t - 151*t**2 - 8*t - 2 - 158*t**2 + 310*t**2. Let h(j) = -j**2 - 6*j + 2. Let v be h(-7). Calculate l(v).
38
Let g(n) = 9*n**3. Suppose -s = -0*s - 3. Let w = 177 + -175. Suppose -5*d = 2*p + 18, 5*d = -w*p - s*p - 15. Determine g(p).
9
Let i(m) = -5*m**3 + 6*m**2 + 7*m. Let s(a) = -3*a**3 + 5*a**2 + 5*a. Let j(b) = -2*i(b) + 3*s(b). Suppose 2*h + 6 = 4*y, 2*y = 2*h + 8 - 2. What is j(h)?
-3
Let s(t) = t - 2. Suppose 2*x + 3*b - 7*b = 18, 5*x + 11 = -4*b. Let a 